 10, what is 27283059 - 4?
27283055
In base 2, what is -10 + 1011101001101010001010111?
1011101001101010001010101
In base 6, what is -124455554154 + -5?
-124455554203
In base 16, what is 21 - 45ba9b?
-45ba7a
In base 2, what is -111111100000100 - 1110001101001?
-1001101101101101
In base 8, what is 35606 + -35213?
373
In base 12, what is 13a5 + -6713?
-532a
In base 9, what is -54 + -10310876?
-10311041
In base 15, what is b4 - 95?
1e
In base 10, what is -352633851 + -5?
-352633856
In base 15, what is 4 + 10c1327?
10c132b
In base 5, what is -20 - 12301244411?
-12301244431
In base 13, what is -6 + 565762a?
5657624
In base 13, what is 72c + -29a23?
-292c4
In base 10, what is -32 + -83468?
-83500
In base 9, what is 215 + 61272?
61487
In base 13, what is -3 - -11ac4053?
11ac4050
In base 6, what is 3431134 + -3154?
3423540
In base 8, what is -4 - -1011333152?
1011333146
In base 15, what is c + 33eaa5?
33eab2
In base 13, what is -a228b - 14?
-a22a2
In base 5, what is -2 + -43224141243?
-43224141300
In base 8, what is 0 + -1373217000?
-1373217000
In base 12, what is -6 + 1983a46?
1983a40
In base 2, what is -1010101111001011000111 - -1001?
-1010101111001010111110
In base 2, what is 1001101000101 + -1101000111111?
-11011111010
In base 5, what is -23433443443 + 3?
-23433443440
In base 7, what is -25401 - -20142?
-5226
In base 11, what is -5 + 416679?
416674
In base 3, what is -121200 - -12021101001100?
12021100102200
In base 7, what is 23315250 - 6?
23315241
In base 11, what is -244424a2 - -4?
-24442499
In base 2, what is 100110110100100000 + -10001001?
100110110010010111
In base 2, what is -11010000011100110 - -10001100011?
-11001110010000011
In base 11, what is 46 + -6306814?
-6306779
In base 4, what is 31112222230212 - -1?
31112222230213
In base 2, what is 1100100100010100110001010 + 11?
1100100100010100110001101
In base 12, what is -6 - -68130a4?
681309a
In base 5, what is -3 + 1234100?
1234042
In base 13, what is 13cb3b - 835?
13c306
In base 12, what is 7 + 1240272a?
12402735
In base 12, what is -27 + 531328?
531301
In base 2, what is 100010011010101000000111111 - -110?
100010011010101000001000101
In base 14, what is -2 + -20165c98?
-20165c9a
In base 9, what is -6583 - -23745?
16152
In base 5, what is -240423 - 3441042?
-4232020
In base 9, what is -2757 + -32201?
-35058
In base 11, what is -953880 - -21?
-95385a
In base 4, what is -2032003332 + 13?
-2032003313
In base 16, what is 2 - 1713b2?
-1713b0
In base 7, what is 56034130 - -61?
56034221
In base 8, what is -2067624373 + 4?
-2067624367
In base 2, what is 1001001011010100 + -100110011?
1001000110100001
In base 2, what is 100 - -110000000101010101010010?
110000000101010101010110
In base 11, what is -a127487 + 4?
-a127483
In base 2, what is 1 + -11110111000111010010000110?
-11110111000111010010000101
In base 4, what is 322001 - 13321?
302020
In base 13, what is -55496 + -5?
-5549b
In base 10, what is 5685 + -800?
4885
In base 5, what is 0 - 10120230?
-10120230
In base 4, what is -131123323 - -23?
-131123300
In base 3, what is -10201201220 + 11022?
-10201120121
In base 6, what is -5 - 14430410?
-14430415
In base 4, what is -1112102 + 112020?
-1000022
In base 14, what is -2b - -125959?
12592c
In base 4, what is -1103100011 - -2201?
-1103031210
In base 14, what is 1 - -19c3cc52?
19c3cc53
In base 14, what is d9818 + -38?
d97c0
In base 13, what is a + 92ca9?
92cb6
In base 5, what is -111 + 100244421411?
100244421300
In base 4, what is -2 - 233332211000?
-233332211002
In base 11, what is -32 - -96a7?
9675
In base 9, what is 1 + -111288653?
-111288652
In base 5, what is 1231313324 + -412?
1231312412
In base 14, what is -115 + -2dc112?
-2dc227
In base 8, what is -4 - 410174500?
-410174504
In base 16, what is c318 - -1e0?
c4f8
In base 12, what is -15b14 + -275?
-16189
In base 3, what is -1 - 11101000102122?
-11101000102200
In base 2, what is -1010110101 - 11100010011110?
-11101101010011
In base 12, what is -2b2 + a1416?
a1124
In base 7, what is 2 - -5225356?
5225361
In base 9, what is 76 - -4535612?
4535688
In base 3, what is 1211022 + 12011010221?
12012222020
In base 5, what is 10120 - 112440100?
-112424430
In base 10, what is 3 + -17132133?
-17132130
In base 3, what is -100 - -1212012200012010?
1212012200011210
In base 16, what is 2553e + -24?
2551a
In base 15, what is 131170 + -12?
13115d
In base 5, what is -40032 + 120102?
30020
In base 8, what is -34 + 2265704?
2265650
In base 12, what is 1994429a + 2?
199442a0
In base 5, what is -14 + -1112343420?
-1112343434
In base 16, what is -1bb27 - 5?
-1bb2c
In base 9, what is 740147 - 1002?
738145
In base 14, what is -2bcaa7 - -4?
-2bcaa3
In base 16, what is -2fdd139 + 1?
-2fdd138
In base 12, what is 1 + -109b262?
-109b261
In base 13, what is -374009 - -4?
-374005
In base 16, what is a + -fd60a?
-fd600
In base 16, what is 2 - -271db3?
271db5
In base 6, what is -250 + 1324451?
1324201
In base 15, what is 65 - d7c01?
-d7b8b
In base 11, what is -80a63 - -65?
-809a9
In base 14, what is 6732c9 - -2?
6732cb
In base 16, what is 3750d - -1f?
3752c
In base 4, what is 233202221 + 2130?
233211011
In base 9, what is -2683167 - -30?
-2683137
In base 6, what is -323512 + 50?
-323422
In base 13, what is -275 - a497c?
-a4c24
In base 7, what is 1 - 541543561?
-541543560
In base 11, what is 21aa3 + -198?
21906
In base 14, what is 7527569 - 5?
7527564
In base 12, what is 22233 - 998?
21457
In base 9, what is 7537 + -10584?
-2046
In base 4, what is 101 - -32011331332?
32011332033
In base 12, what is 1083b4 + 9b3?
1091a7
In base 6, what is 4 + -251350222?
-251350214
In base 5, what is -1313132 + 20341?
-1242241
In base 4, what is -10001201210 + -1132?
-10001203002
In base 12, what is 765a6 + -165?
76441
In base 16, what is -53 - 11833?
-11886
In base 2, what is -1110000010110111110 - -1010?
-1110000010110110100
In base 2, what is 110110000111110001010 - -1100101100?
110110001001010110110
In base 15, what is 28ac1 - -76a?
2933b
In base 9, what is 726751218 - 4?
726751214
In base 8, what is -152237542 + -4?
-152237546
In base 2, what is -10011000111101100011 - 10111?
-10011000111101111010
In base 12, what is -4a + -184320?
-18436a
In base 3, what is 11022100000110202 - -2?
11022100000110211
In base 6, what is 211540151 - 25?
211540122
In base 4, what is 1001023113311111 + -3?
1001023113311102
In base 6, what is -220525544 + 1?
-220525543
In base 4, what is -20121023211033 + -1?
-20121023211100
In base 13, what is 9b + -157047b?
-15703b0
In base 7, what is 36411 + 361?
40102
In base 5, what is -204 - -24043141?
24042432
In base 16, what is 71c + -141e0?
-13ac4
In base 6, what is -3 + 11445022422?
11445022415
In base 5, what is -13303142 + -30041?
-13333233
In base 5, what is -4 - 4421110341?
-4421110400
In base 5, what is -20220331 + 3234?
-20212042
In base 11, what is -100396 + 123?
-100273
In base 5, what is 201234 - -113?
201402
In base 2, what is 1110 - 100011001111111000000111?
-100011001111110111111001
In base 16, what is -105a - 4246?
-52a0
In base 3, what is 2120202110101 - -1002?
2120202111110
In base 9, what is -61 + -871111?
-871172
In base 12, what is -3b1 - 350b?
-3900
In base 6, what is 1440 - -3324204?
3330044
In base 8, what is -272 + 442674?
442402
In base 2, what is 101 + 10010111000011111?
10010111000100100
In base 6, what is -1005243232 - -10?
-1005243222
In base 3, what is 0 + 11022022200200?
11022022200200
In base 14, what is 20784 - 46b?
20317
In base 16, what is -b4168 - 166?
-b42ce
In base 12, what is -1178b + a80?
-1090b
In base 9, what is -17351 - -5225?
-12125
In base 7, what is -455355154 - 6?
-455355163
In base 3, what is 220200021 + 112102100?
1110002121
In base 5, what is -2310230442 - 3?
-2310231000
In base 3, what is 1111 - 20211210001?
-20211201120
In base 12, what is 18234 - -21a?
18452
In base 3, what is 221001020021121010 + 0?
221001020021121010
In base 11, what is -5690 + 94273?
89693
In base 3, what is 1111122011 - -11201121?
1200100202
In base 10, what is 5265 + -8864?
-3599
In base 2, what is -111111000111101111001011111 + 1?
-111111000111101111001011110
In base 3, what is -1212012222 + -1201120?
-1220221112
In base 9, what is 434377 - -12?
434400
In base 10, what is -141 + 1469055?
1468914
In base 7, what is 0 - 6161356316?
-6161356316
In 